{"id":7,"date":"2024-03-27T00:12:37","date_gmt":"2024-03-27T00:12:37","guid":{"rendered":"https:\/\/contabillanzillo.com.br\/declaracao-imposto-de-renda\/?page_id=7"},"modified":"2026-04-20T17:52:06","modified_gmt":"2026-04-20T17:52:06","slug":"imposto-de-renda-pessoa-fisica","status":"publish","type":"page","link":"https:\/\/contabillanzillo.com.br\/declaracao-imposto-de-renda\/","title":{"rendered":"Home"},"content":{"rendered":"","protected":false},"excerpt":{"rendered":"","protected":false},"author":1,"featured_media":0,"parent":0,"menu_order":0,"comment_status":"closed","ping_status":"closed","template":"","meta":{"inline_featured_image":false,"footnotes":""},"class_list":["post-7","page","type-page","status-publish","hentry"],"yoast_head":"<!-- This site is optimized with the Yoast SEO plugin v27.4 - https:\/\/yoast.com\/product\/yoast-seo-wordpress\/ -->\n<title>Contabilidade p\/ Imposto de Renda de Pessoa F\u00edsica | Lanzillo Contabilidade<\/title>\n<meta name=\"description\" content=\"Declara\u00e7\u00e3o de Imposto de Renda com estrat\u00e9gia tribut\u00e1ria. Atendimento especializado para profissionais, empres\u00e1rios e investidores.\" \/>\n<meta name=\"robots\" content=\"index, follow, max-snippet:-1, max-image-preview:large, max-video-preview:-1\" \/>\n<link rel=\"canonical\" href=\"https:\/\/contabillanzillo.com.br\/declaracao-imposto-de-renda\/\" \/>\n<meta property=\"og:locale\" content=\"pt_BR\" \/>\n<meta property=\"og:type\" content=\"article\" \/>\n<meta property=\"og:title\" content=\"Contabilidade p\/ Imposto de Renda de Pessoa F\u00edsica | Lanzillo Contabilidade\" \/>\n<meta property=\"og:description\" content=\"Declara\u00e7\u00e3o de Imposto de Renda com estrat\u00e9gia tribut\u00e1ria. Atendimento especializado para profissionais, empres\u00e1rios e investidores.\" \/>\n<meta property=\"og:url\" content=\"https:\/\/contabillanzillo.com.br\/declaracao-imposto-de-renda\/\" \/>\n<meta property=\"og:site_name\" content=\"Imposto de Renda - Pessoa F\u00edsica (IRPF)\" \/>\n<meta property=\"article:modified_time\" content=\"2026-04-20T17:52:06+00:00\" \/>\n<meta name=\"twitter:card\" content=\"summary_large_image\" \/>\n<meta name=\"twitter:label1\" content=\"Est. tempo de leitura\" \/>\n\t<meta name=\"twitter:data1\" content=\"4 minutos\" \/>\n<script type=\"application\/ld+json\" class=\"yoast-schema-graph\">{\"@context\":\"https:\\\/\\\/schema.org\",\"@graph\":[{\"@type\":\"WebPage\",\"@id\":\"https:\\\/\\\/contabillanzillo.com.br\\\/declaracao-imposto-de-renda\\\/\",\"url\":\"https:\\\/\\\/contabillanzillo.com.br\\\/declaracao-imposto-de-renda\\\/\",\"name\":\"Contabilidade p\\\/ Imposto de Renda de Pessoa F\u00edsica | Lanzillo Contabilidade\",\"isPartOf\":{\"@id\":\"https:\\\/\\\/contabillanzillo.com.br\\\/declaracao-imposto-de-renda\\\/#website\"},\"datePublished\":\"2024-03-27T00:12:37+00:00\",\"dateModified\":\"2026-04-20T17:52:06+00:00\",\"description\":\"Declara\u00e7\u00e3o de Imposto de Renda com estrat\u00e9gia tribut\u00e1ria. Atendimento especializado para profissionais, empres\u00e1rios e investidores.\",\"breadcrumb\":{\"@id\":\"https:\\\/\\\/contabillanzillo.com.br\\\/declaracao-imposto-de-renda\\\/#breadcrumb\"},\"inLanguage\":\"pt-BR\",\"potentialAction\":[{\"@type\":\"ReadAction\",\"target\":[\"https:\\\/\\\/contabillanzillo.com.br\\\/declaracao-imposto-de-renda\\\/\"]}]},{\"@type\":\"BreadcrumbList\",\"@id\":\"https:\\\/\\\/contabillanzillo.com.br\\\/declaracao-imposto-de-renda\\\/#breadcrumb\",\"itemListElement\":[{\"@type\":\"ListItem\",\"position\":1,\"name\":\"In\u00edcio\",\"item\":\"https:\\\/\\\/contabillanzillo.com.br\\\/declaracao-imposto-de-renda\\\/\"},{\"@type\":\"ListItem\",\"position\":2,\"name\":\"Home\"}]},{\"@type\":\"WebSite\",\"@id\":\"https:\\\/\\\/contabillanzillo.com.br\\\/declaracao-imposto-de-renda\\\/#website\",\"url\":\"https:\\\/\\\/contabillanzillo.com.br\\\/declaracao-imposto-de-renda\\\/\",\"name\":\"Imposto de Renda - Pessoa F\u00edsica (IRPF)\",\"description\":\"Solicite a sua declara\u00e7\u00e3o\",\"publisher\":{\"@id\":\"https:\\\/\\\/contabillanzillo.com.br\\\/declaracao-imposto-de-renda\\\/#organization\"},\"potentialAction\":[{\"@type\":\"SearchAction\",\"target\":{\"@type\":\"EntryPoint\",\"urlTemplate\":\"https:\\\/\\\/contabillanzillo.com.br\\\/declaracao-imposto-de-renda\\\/?s={search_term_string}\"},\"query-input\":{\"@type\":\"PropertyValueSpecification\",\"valueRequired\":true,\"valueName\":\"search_term_string\"}}],\"inLanguage\":\"pt-BR\"},{\"@type\":\"Organization\",\"@id\":\"https:\\\/\\\/contabillanzillo.com.br\\\/declaracao-imposto-de-renda\\\/#organization\",\"name\":\"Contabilidade Lanzillo\",\"url\":\"https:\\\/\\\/contabillanzillo.com.br\\\/declaracao-imposto-de-renda\\\/\",\"logo\":{\"@type\":\"ImageObject\",\"inLanguage\":\"pt-BR\",\"@id\":\"https:\\\/\\\/contabillanzillo.com.br\\\/declaracao-imposto-de-renda\\\/#\\\/schema\\\/logo\\\/image\\\/\",\"url\":\"https:\\\/\\\/contabillanzillo.com.br\\\/declaracao-imposto-de-renda\\\/wp-content\\\/uploads\\\/logo-lanzillo.webp\",\"contentUrl\":\"https:\\\/\\\/contabillanzillo.com.br\\\/declaracao-imposto-de-renda\\\/wp-content\\\/uploads\\\/logo-lanzillo.webp\",\"width\":1596,\"height\":403,\"caption\":\"Contabilidade Lanzillo\"},\"image\":{\"@id\":\"https:\\\/\\\/contabillanzillo.com.br\\\/declaracao-imposto-de-renda\\\/#\\\/schema\\\/logo\\\/image\\\/\"}}]}<\/script>\n<!-- \/ Yoast SEO plugin. -->","yoast_head_json":{"title":"Contabilidade p\/ Imposto de Renda de Pessoa F\u00edsica | Lanzillo Contabilidade","description":"Declara\u00e7\u00e3o de Imposto de Renda com estrat\u00e9gia tribut\u00e1ria. Atendimento especializado para profissionais, empres\u00e1rios e investidores.","robots":{"index":"index","follow":"follow","max-snippet":"max-snippet:-1","max-image-preview":"max-image-preview:large","max-video-preview":"max-video-preview:-1"},"canonical":"https:\/\/contabillanzillo.com.br\/declaracao-imposto-de-renda\/","og_locale":"pt_BR","og_type":"article","og_title":"Contabilidade p\/ Imposto de Renda de Pessoa F\u00edsica | Lanzillo Contabilidade","og_description":"Declara\u00e7\u00e3o de Imposto de Renda com estrat\u00e9gia tribut\u00e1ria. Atendimento especializado para profissionais, empres\u00e1rios e investidores.","og_url":"https:\/\/contabillanzillo.com.br\/declaracao-imposto-de-renda\/","og_site_name":"Imposto de Renda - Pessoa F\u00edsica (IRPF)","article_modified_time":"2026-04-20T17:52:06+00:00","twitter_card":"summary_large_image","twitter_misc":{"Est. tempo de leitura":"4 minutos"},"schema":{"@context":"https:\/\/schema.org","@graph":[{"@type":"WebPage","@id":"https:\/\/contabillanzillo.com.br\/declaracao-imposto-de-renda\/","url":"https:\/\/contabillanzillo.com.br\/declaracao-imposto-de-renda\/","name":"Contabilidade p\/ Imposto de Renda de Pessoa F\u00edsica | Lanzillo Contabilidade","isPartOf":{"@id":"https:\/\/contabillanzillo.com.br\/declaracao-imposto-de-renda\/#website"},"datePublished":"2024-03-27T00:12:37+00:00","dateModified":"2026-04-20T17:52:06+00:00","description":"Declara\u00e7\u00e3o de Imposto de Renda com estrat\u00e9gia tribut\u00e1ria. Atendimento especializado para profissionais, empres\u00e1rios e investidores.","breadcrumb":{"@id":"https:\/\/contabillanzillo.com.br\/declaracao-imposto-de-renda\/#breadcrumb"},"inLanguage":"pt-BR","potentialAction":[{"@type":"ReadAction","target":["https:\/\/contabillanzillo.com.br\/declaracao-imposto-de-renda\/"]}]},{"@type":"BreadcrumbList","@id":"https:\/\/contabillanzillo.com.br\/declaracao-imposto-de-renda\/#breadcrumb","itemListElement":[{"@type":"ListItem","position":1,"name":"In\u00edcio","item":"https:\/\/contabillanzillo.com.br\/declaracao-imposto-de-renda\/"},{"@type":"ListItem","position":2,"name":"Home"}]},{"@type":"WebSite","@id":"https:\/\/contabillanzillo.com.br\/declaracao-imposto-de-renda\/#website","url":"https:\/\/contabillanzillo.com.br\/declaracao-imposto-de-renda\/","name":"Imposto de Renda - Pessoa F\u00edsica (IRPF)","description":"Solicite a sua declara\u00e7\u00e3o","publisher":{"@id":"https:\/\/contabillanzillo.com.br\/declaracao-imposto-de-renda\/#organization"},"potentialAction":[{"@type":"SearchAction","target":{"@type":"EntryPoint","urlTemplate":"https:\/\/contabillanzillo.com.br\/declaracao-imposto-de-renda\/?s={search_term_string}"},"query-input":{"@type":"PropertyValueSpecification","valueRequired":true,"valueName":"search_term_string"}}],"inLanguage":"pt-BR"},{"@type":"Organization","@id":"https:\/\/contabillanzillo.com.br\/declaracao-imposto-de-renda\/#organization","name":"Contabilidade Lanzillo","url":"https:\/\/contabillanzillo.com.br\/declaracao-imposto-de-renda\/","logo":{"@type":"ImageObject","inLanguage":"pt-BR","@id":"https:\/\/contabillanzillo.com.br\/declaracao-imposto-de-renda\/#\/schema\/logo\/image\/","url":"https:\/\/contabillanzillo.com.br\/declaracao-imposto-de-renda\/wp-content\/uploads\/logo-lanzillo.webp","contentUrl":"https:\/\/contabillanzillo.com.br\/declaracao-imposto-de-renda\/wp-content\/uploads\/logo-lanzillo.webp","width":1596,"height":403,"caption":"Contabilidade Lanzillo"},"image":{"@id":"https:\/\/contabillanzillo.com.br\/declaracao-imposto-de-renda\/#\/schema\/logo\/image\/"}}]}},"_links":{"self":[{"href":"https:\/\/contabillanzillo.com.br\/declaracao-imposto-de-renda\/wp-json\/wp\/v2\/pages\/7","targetHints":{"allow":["GET"]}}],"collection":[{"href":"https:\/\/contabillanzillo.com.br\/declaracao-imposto-de-renda\/wp-json\/wp\/v2\/pages"}],"about":[{"href":"https:\/\/contabillanzillo.com.br\/declaracao-imposto-de-renda\/wp-json\/wp\/v2\/types\/page"}],"author":[{"embeddable":true,"href":"https:\/\/contabillanzillo.com.br\/declaracao-imposto-de-renda\/wp-json\/wp\/v2\/users\/1"}],"replies":[{"embeddable":true,"href":"https:\/\/contabillanzillo.com.br\/declaracao-imposto-de-renda\/wp-json\/wp\/v2\/comments?post=7"}],"version-history":[{"count":5,"href":"https:\/\/contabillanzillo.com.br\/declaracao-imposto-de-renda\/wp-json\/wp\/v2\/pages\/7\/revisions"}],"predecessor-version":[{"id":97,"href":"https:\/\/contabillanzillo.com.br\/declaracao-imposto-de-renda\/wp-json\/wp\/v2\/pages\/7\/revisions\/97"}],"wp:attachment":[{"href":"https:\/\/contabillanzillo.com.br\/declaracao-imposto-de-renda\/wp-json\/wp\/v2\/media?parent=7"}],"curies":[{"name":"wp","href":"https:\/\/api.w.org\/{rel}","templated":true}]}}